Let b(a) = -3 - 2 - 6*a**2 - a**3 + 1 - 2*a - 3. Let v(m) = -2*m**2 + 2*m - 2. Suppose -2*j + g = -5, -3*j - 4*g - 3 + 5 = 0. Let l be v(j). Calculate b(l).
5
Let h(r) = -5*r - 2. Let t(w) = -5*w**2 - 151*w - 32. Let y be t(-30). Determine h(y).
8
Let v(a) = 3*a. Let f be 114/(-19)*3/2. Calculate v(f).
-27
Let h(f) = f. Let o(r) = r**2 - 19*r - 1. Let s(i) = -6*h(i) - o(i). Determine s(13).
1
Let o = 772 + -786. Let v(q) = q**3 + 15*q**2 + 14*q - 2. What is v(o)?
-2
Suppose 0 = 10*c + 19*c + 145. Let x(y) = 4*y**2 - y**3 + 2*y**3 - 2 + 0*y**2 - 6*y. Determine x(c).
3
Suppose 0 = 5*y - 3*b - 67, -y + 9*b = 4*b - 9. Suppose 3*v - 4 = y. Let o(n) = -5 + 14*n**2 - 28*n - 2*n**2 + 22*n - 11*n**2. What is o(v)?
-5
Suppose -22 = -2*d - 14. Let o(y) = -y + 1. Let m(n) = 5*n - 7. Let k(s) = m(s) + 6*o(s). Determine k(d).
-5
Suppose -m + 75 = 4*m. Let y = -202 + 206. Suppose -4*s + y*i - 1 = m, s + i = 2. Let w(t) = -2*t**3 + t + 1. What is w(s)?
2
Let u(v) = -v**3 - 7*v**2 - 13*v - 8. Let t be u(-5). Let w(m) = -8*m - 4*m**3 + 3*m**3 + m**2 + t*m + 0*m + 2. Determine w(3).
-19
Let n be ((-1)/(-2))/(1/(-4)). Let p(m) be the first derivative of 2*m**3/3 + 3*m**2/2 + 6216. What is p(n)?
2
Let f(m) be the third derivative of m**5/30 + 5*m**4/24 - m**3/2 - 76*m**2. Give f(3).
30
Let v(t) = 3*t**2 - 2*t - 1. Suppose -17 = -2*a - 5. Suppose -12 = -a*q + 3*q. Suppose 5*f = q*p - 25, -5*f + f - 4*p + 16 = 0. Give v(f).
4
Suppose 5*l + 9 = -11. Let z(b) = b + 0*b + 2*b - b + 3. What is z(l)?
-5
Let h(i) be the third derivative of -i**5/60 - i**4/12 - 79*i**2. Calculate h(2).
-8
Suppose -i + 0*i = 5*k + 9, 0 = 5*i - 2*k + 18. Let y be 6 + 0 + -2 + i. Let p(w) = w**2 + w - 1. Calculate p(y).
-1
Let n = 7 + -4. Let s(u) = 4*u**2 + 12*u**3 - 16*u**3 + u**2 - 2*u + 7. Let y(j) = 11*j**3 - 14*j**2 + 5*j - 20. Let z(h) = -8*s(h) - 3*y(h). Calculate z(n).
-2
Let f = 165 - 163. Let a(t) be the second derivative of 1/3*t**3 + f*t**2 - 3*t - 1/12*t**4 + 0. Calculate a(3).
1
Let q(g) = 13*g**2 - 15*g + 21. Let d(r) = 3*r**2 - 4*r + 5. Let x = -12 - -3. Let j(a) = x*d(a) + 2*q(a). Suppose -6 = -5*l + 4. Calculate j(l).
5
Let m(o) be the third derivative of 1/60*o**5 + 0*o**4 - 1/6*o**3 + 0*o + 14*o**2 + 0. Give m(3).
8
Let p(a) = a**3 + 9*a**2 + 11*a + 14. Let t be (14*12/(-24))/1. Give p(t).
35
Let l be (0 + 24/(-20))/(2/10). Let n(p) be the first derivative of -2*p**2 + 1 + 8*p - 1/3*p**3. Calculate n(l).
-4
Suppose 0 = -19*v - 57*v + 608. Let j(l) = -7*l**2 + 13*l - 23. Let s(z) = -3*z**2 + 7*z - 11. Let i(q) = -2*j(q) + 5*s(q). Calculate i(v).
-1
Let f(n) = -11 + 0*n**2 - 5 + 9*n + 19 - n**2. Give f(9).
3
Suppose 8*i = 4 + 12. Let r(q) = -1 - 3 - i*q - q + 4*q. Give r(5).
1
Let t be (-1)/4 - (-13)/4. Suppose -32 = 6*w - w + t*m, -w - 3*m - 16 = 0. Let b(r) = 3 - 11 - 3*r + 0 + 2. Calculate b(w).
6
Let j(k) = -47*k + 23. Let y(p) = -22*p + 11. Let b(g) = 6*j(g) - 13*y(g). Give b(-5).
-25
Let y(b) be the third derivative of -b**6/15 - b**4/12 - b**3/6 - 108*b**2. Calculate y(-1).
9
Let n(g) be the first derivative of g**4/4 + 3*g**3 + 7*g**2 + 6*g - 896. Give n(-7).
6
Let l(m) = -m**2 + m - 1. Let p(u) = -4*u**2 + 4*u - 3. Suppose 7 = -5*i - 2*z, -i - 4 = 5*z - 2*z. Let y(d) = i*p(d) + 5*l(d). Determine y(2).
-4
Let l(s) = -s**3 + 39*s**2 - 75*s + 44. Let k be l(37). Let p(r) = -r**2 + 7*r + 10. Calculate p(k).
10
Suppose 0 = j + 10 - 15. Let y be (-3)/j*(-20)/4. Let q(n) = -n**2. Let g(r) = 6*r**2 - 4. Let i(o) = -g(o) - 5*q(o). Calculate i(y).
-5
Let n(r) = r**2 - r. Let p(j) = 9*j + 6. Let s(l) = -n(l) - p(l). Determine s(-10).
-26
Let w(r) be the second derivative of -r**4/12 + r**3/3 + 2*r. Let n be 1/5 - 21/105. Suppose 5*o + 35 - 55 = n. Give w(o).
-8
Let a(p) be the third derivative of 0 + p**3 - 4*p**2 + 1/60*p**5 + 0*p + 7/24*p**4. Let m be a(-5). Let r(g) = g**2 + 5*g - 1. What is r(m)?
-5
Let f be (-1 + 4 + -2)*-3. Let s(h) = 9*h**2 + 15*h + 111. Let v(n) = -4*n**2 - 7*n - 48. Let x(r) = -3*s(r) - 7*v(r). Determine x(f).
0
Let w = 15 - 0. Let s be ((-3)/w)/(1/(-25)). Suppose s*u = -0*u + 25. Let x(z) = -z. Calculate x(u).
-5
Let s(y) be the second derivative of y**4/12 + 7*y**3/3 + 5*y**2 - 3*y - 47. Calculate s(-13).
-3
Let f(d) be the third derivative of d**5/60 + 7*d**3/2 + 2*d**2 + 31. Determine f(0).
21
Let o be (-6 + 4 - 1)/(3/(-3)). Let d(x) = -7 - x**3 - 2 + 7*x**2 - o + 7*x + 20. Determine d(8).
0
Let m(z) = z**3 - z**2. Let f(k) be the third derivative of -k**6/24 - k**5/30 + k**4/3 + 7*k**2. Let i(l) = -f(l) - 4*m(l). What is i(-7)?
7
Let p(a) be the second derivative of 1/6*a**3 + 5/2*a**2 + 0 - a. Suppose 3*d + f + 9 = 0, -d = 4*d - f + 23. Give p(d).
1
Let s(b) be the second derivative of -b**3/3 - 3*b**2 - 69*b. Calculate s(-9).
12
Let h(v) be the second derivative of -v**6/720 + v**5/120 - v**4/4 - 11*v**3/6 - 2*v + 4. Let f(o) be the third derivative of h(o). Let z = 1 - -1. Give f(z).
-1
Let x(w) = -w**3 + 11*w**2 + w - 8. Let i be x(11). Let c(g) be the third derivative of 3*g**2 + 0*g - 1/3*g**3 - 1/24*g**4 + 0. Give c(i).
-5
Let q(k) = k + 1. Let i(o) = -o + 22. Let b(s) = -i(s) - 4*q(s). What is b(-10)?
4
Let y(r) be the second derivative of r**3/6 - 4*r**2 + r. Suppose 2 = -k - 0*k - 3*c, c = 4*k - 18. Calculate y(k).
-4
Suppose 0 = 10*n - 5*n - 20. Let l(t) = 0 + n*t**2 - 5*t**2 + 2. Let m be (-2)/(1 + 3/(-9)). Calculate l(m).
-7
Let z(t) = -5*t - 27. Let l(r) = 4*r + 23. Let c(i) = -7*l(i) - 6*z(i). What is c(0)?
1
Let g(s) = -s + 7. Let w be (-12)/(-42) - (2 + (-48)/28). Calculate g(w).
7
Let k(y) = -y**2 - 6*y. Let r be (-3 - 0)*(1 + -2). Suppose 7*i - 429 = -4*i. Suppose -2*o = r*o + 4*g + 18, 4*o + i = 5*g. Give k(o).
0
Let p(w) = w**2 - 4*w + 2. Let i(k) = -7*k**2 + 7*k + 2. Let f(m) = -m**2 + m - m**2 + m**2. Let c(h) = 6*f(h) - i(h). Let l be c(-2). What is p(l)?
2
Suppose 2*f = 3*r - f + 234, -5*f = -4*r - 310. Let d = 77 + r. Let t(j) = -3*j**2 - 2*j. Determine t(d).
-21
Suppose -5*h = -2*h + 4*x - 28, -4*x = h - 20. Suppose -2*u = 4*i + 28, 2*i = -u + h*i + 2. Let j(z) = -z**3 - 6*z**2 + 2*z + 9. Give j(u).
-3
Let f(g) = -g**2 - 6*g + 15. Let c be (33/(-22))/((-6)/(-32)). Determine f(c).
-1
Let j(k) = -16*k - 11*k + 27*k + k**2 + 6 - 20*k. What is j(20)?
6
Let u = -2819 - -2822. Let w(o) be the third derivative of -o**6/120 + o**5/15 - o**4/24 - 2*o**3/3 + o**2. Calculate w(u).
2
Let m(k) = k**3 - 11*k**2 - 11*k - 1. Let p be ((-22)/44)/(2/(-48)). Calculate m(p).
11
Let s(r) = -r**2 - 2. Let z be s(-2). Suppose -k - 2*k + 6 = 0. Let v(h) = h**2 + k + h - 4*h**2 + 4*h**2 + 5*h. Determine v(z).
2
Let l(x) be the second derivative of 1/3*x**3 + 4*x + 0*x**2 + 0. Calculate l(-2).
-4
Let w = 388 + -384. Let t(v) = -2*v + 9. Give t(w).
1
Let x(b) = b**2 + 6*b - 11. Suppose -17*u + 18*u + 3*i = -14, 2*u + 22 = -3*i. Give x(u).
5
Let c = 4 + 4. Let p(q) = -3*q**3 + 7*q**2 + 7*q. Let s(h) = -4*h**3 + 7*h**2 + 6*h + 2. Let d(x) = -3*p(x) + 2*s(x). Calculate d(c).
-4
Suppose -5*g + 51 = 4*r, 4*r - 5 = g + r. Let f(v) = v**3 - 8*v**2 + 9*v - 6. Calculate f(g).
8
Let v(z) = z**3 + 11*z**2 + 11*z + 10. Let s(t) = -8*t - 50. Let b be s(-5). What is v(b)?
0
Let r(p) = -p**2 - p + 3. Suppose -4*w - 3 = -19. Let z(s) be the second derivative of -s**4/12 + s**3 - 4*s**2 + 20*s. Let x be z(w). What is r(x)?
3
Suppose 50 = -3*x + 5*v + 5, 2*v - 26 = 2*x. Let m = x - -16. Let l(i) = -i**2 + 2*i + 6. Give l(m).
-18
Let y(f) = -2 + 4*f - 2 + f. Let r be 8/(1/(-12)*-6). Suppose 4*i = -q + r, 8*i - 4*i - 3*q = 0. What is y(i)?
11
Let v(g) = -g + 14. Let a(h) = -3*h + 15. Let s(r) = -3*a(r) + 4*v(r). Determine s(-6).
-19
Let k(h) = -h**2 - 13*h - 15. Let g = -2256 - -2246. Calculate k(g).
15
Let k(q) = -4*q**2 + 4 - 1291018*q + 1291018*q. What is k(3)?
-32
Let n(r) = r**2 - 9*r + 8. Let q(a) = -a**3 + 5*a**2 + 5. Let c be q(5). Suppose 25 + 5 = c*w. What is n(w)?
-10
Let g(f) = 7*f**3 + 2*f**2 + 12*f + 9. Let j(i) = 8*i**3 + 2*i**2 + 13*i + 10. Let y(v) = 9*g(v) - 8*j(v). Let k be (-1)/3 + 20/6. Calculate y(k).
4
Let j be 1*(-6)/2 + 4. Let t(c) = 4*c + j - 5*c - 6. Determine t(-8).
3
Suppose -25 - 15 = -8*v. Let h(l) = -4*l**2 + v*l**2 - 5 - 13*l + 14*l. Calculate h(0).
-5
Let g(x) = -3*x + 1. Let y(q) = 28*q - 38. Let n(h) = -10*g(h) - y(h). Give 